{"id":84,"date":"2017-09-28T17:50:52","date_gmt":"2017-09-28T15:50:52","guid":{"rendered":"http:\/\/coaching37.fr\/?page_id=84"},"modified":"2017-10-05T13:37:24","modified_gmt":"2017-10-05T11:37:24","slug":"si-jetais-un-objet","status":"publish","type":"page","link":"https:\/\/coaching37.fr\/index.php\/si-jetais-un-objet\/","title":{"rendered":"Si j&#8217;\u00e9tais un objet &#8230;"},"content":{"rendered":"<p>Lors d\u2019une de mes premi\u00e8res s\u00e9ances de coaching, mon coach m\u2019a demand\u00e9 de trouver un objet qui me repr\u00e9sente\u00a0!<\/p>\n<p>Quelle difficile t\u00e2che et que de r\u00e9flexions\u00a0!<\/p>\n<p>Un objet est par essence restrictif (une chaise rouge,\u2026) alors d\u2019un \u00eatre vivant est multiple&#8230; dans tous les cas, je cherchais un objet qui puisse repr\u00e9senter ma multitude\u2026<\/p>\n<p>De plus, j\u2019avais pour contrainte de trouver un objet que je pourrais apporter \u00e0 ma s\u00e9ance de coaching, donc transportable dans le train\u00a0!<\/p>\n<p>J\u2019ai cherch\u00e9 des objets qui repr\u00e9sentaient ce que j\u2019aimais faire, ce que je savais mais ce n\u2019\u00e9tait pas moi, trop limit\u00e9, pas assez de libert\u00e9.<\/p>\n<p>Je suis all\u00e9e chercher mon inspiration chez dame Nature\u2026 et j\u2019ai trouv\u00e9\u00a0! Une feuille de laurier sauce\u00a0! La pr\u00e9cision a toute son importance\u2026<\/p>\n<p><u>Pourquoi une feuille me direz vous\u00a0? <\/u><\/p>\n<p>\u2026 Une feuille pour repr\u00e9senter la Nature.<\/p>\n<p>La Nature, c\u2019est\u00a0:<\/p>\n<ul>\n<li>Mes racines et ma construction\u00a0: je suis n\u00e9e et ai v\u00e9cu mon enfance \u00e0 la campagne, au milieu des pr\u00e9s, des champs, libre\u00a0!<\/li>\n<li>Mon inspiration, mes intuitions\u00a0: ressentir les choses, les gens, les \u00e9v\u00e8nements, cr\u00e9er (dessin, tricot, \u2026)<\/li>\n<li>La confiance en soi, en les Hommes et en la vie,<\/li>\n<li>L\u2019observation, l\u2019\u00e9coute, l\u2019apprentissage,<\/li>\n<li>L\u2019autonomie et la largeur d\u2019esprit,<\/li>\n<li>Les saisons qui repr\u00e9sentent les cycles de la vie avec leurs difficult\u00e9s, leurs joies et dans tous les cas, notre exp\u00e9rience qui grandit.<\/li>\n<\/ul>\n<p>La Nature, ma force, mes richesses et mes ressources.<\/p>\n<p><u>Pourquoi une feuille de Laurier sauce\u00a0? <\/u><\/p>\n<p>C\u2019est un clin d\u2019\u0153il \u00e0 la cuisine.<\/p>\n<p>La cuisine, c\u2019est\u00a0:<\/p>\n<ul>\n<li>Culturel\u00a0: la Corr\u00e8ze,<\/li>\n<li>Le plaisir de faire \u00e0 manger au quotidien des produits simples et de saison,<\/li>\n<li>Le plaisir de partager un repas avec de la famille, des amis,\u2026<\/li>\n<\/ul>\n","protected":false},"excerpt":{"rendered":"<p>Lors d\u2019une de mes premi\u00e8res s\u00e9ances de coaching, mon coach m\u2019a demand\u00e9 de trouver un objet qui me repr\u00e9sente\u00a0! Quelle difficile t\u00e2che et que de r\u00e9flexions\u00a0! Un objet est par essence restrictif (une chaise rouge,\u2026) alors d\u2019un \u00eatre vivant est multiple&#8230; dans tous les cas, je cherchais un objet qui puisse repr\u00e9senter ma multitude\u2026 De &hellip; <\/p>\n<p class=\"link-more\"><a href=\"https:\/\/coaching37.fr\/index.php\/si-jetais-un-objet\/\" class=\"more-link\">Continue reading<span class=\"screen-reader-text\"> &#8220;Si j&#8217;\u00e9tais un objet &#8230;&#8221;<\/span><\/a><\/p>\n","protected":false},"author":1,"featured_media":0,"parent":0,"menu_order":0,"comment_status":"closed","ping_status":"closed","template":"","meta":{"spay_email":""},"jetpack_sharing_enabled":true,"jetpack_shortlink":"https:\/\/wp.me\/P9OI2S-1m","jetpack-related-posts":[{"id":47,"url":"https:\/\/coaching37.fr\/index.php\/accueil\/qui-suis-je\/","url_meta":{"origin":84,"position":0},"title":"Qui suis je ?","date":"25 September 2017","format":false,"excerpt":"Ing\u00e9nieur de formation, j\u2019ai exerc\u00e9 en tant qu\u2019ing\u00e9nieur d\u2019\u00e9tudes, pilote de projets ou coordinatrice technique, en veillant sur chacun de mes missions \u00e0 \u00e9couter, comprendre, mettre en relation et f\u00e9d\u00e9rer les diff\u00e9rents acteurs. De nature cr\u00e9ative, je pratique le dessin, le piano, le chant,\u2026 Je puise mon inspiration dans la\u2026","rel":"","context":"Similar post","img":{"alt_text":"","src":"","width":0,"height":0},"classes":[]},{"id":25,"url":"https:\/\/coaching37.fr\/","url_meta":{"origin":84,"position":1},"title":"Bienvenue,","date":"25 September 2017","format":false,"excerpt":"GUIDE EN SYLVOTHERAPIE SELON L'APPROCHE COACH RESPIRATION C'est avec plaisir que j'int\u00e8gre cette nouvelle approche dans ma pratique. J'ai \u00e9t\u00e9 form\u00e9e au sein de l'Ecole de Coach Respiration\u00a0aupr\u00e8s de Jean-Marie DEFOSSEZ et Laurence PAGANUCCI.\u00a0 Je vous propose d\u00e8s \u00e0 pr\u00e9sent des sorties collectives, individuelles, en couple, sur mesure, pour les\u2026","rel":"","context":"Similar post","img":{"alt_text":"","src":"","width":0,"height":0},"classes":[]},{"id":195,"url":"https:\/\/coaching37.fr\/index.php\/un-coaching-nature-et-naturel\/","url_meta":{"origin":84,"position":2},"title":"Un coaching nature et naturel","date":"7 April 2019","format":false,"excerpt":"\"Nature\" parce que je pense que la Nature est inspiratrice, r\u00e9g\u00e9n\u00e9ratrice, exemplaire dans son adaptation. Un coaching Nature pour garder sa capacit\u00e9 d'\u00e9merveillement de ce qui nous entoure, pour que la Nature soit ou reste le rayon de soleil qui perce \u00e0 travers les nuages et qui nous donne l'espoir\u2026","rel":"","context":"Similar post","img":{"alt_text":"","src":"","width":0,"height":0},"classes":[]},{"id":211,"url":"https:\/\/coaching37.fr\/index.php\/coaching-individuel-professionnel\/","url_meta":{"origin":84,"position":3},"title":"Coaching individuel professionnel","date":"7 April 2019","format":false,"excerpt":"Coaching de performance Un accompagnement rapide de 4 \u00e0 5 s\u00e9ances pour favoriser la prise de d\u00e9cisions. Guidance Il s'agit d'un accompagnement sur mesure pour des personnes qui ont d\u00e9j\u00e0 r\u00e9alis\u00e9 un travail sur elles-m\u00eames et qui souhaitent continuer (12 \u00e0 15 s\u00e9ances). Crise Cette accompagnement tr\u00e8s sp\u00e9cifique est r\u00e9alis\u00e9\u2026","rel":"","context":"Similar post","img":{"alt_text":"","src":"","width":0,"height":0},"classes":[]},{"id":205,"url":"https:\/\/coaching37.fr\/index.php\/coaching-dequipe\/","url_meta":{"origin":84,"position":4},"title":"Coaching d'\u00e9quipe","date":"7 April 2019","format":false,"excerpt":"Le coaching d'\u00e9quipe peut se pr\u00e9senter sous les quatre formes principales ci-dessous. Team building Il s'agit d'un acc\u00e9l\u00e9rateur permettant \u00e0 une \u00e9quipe qui n'a pas suffisamment de v\u00e9cu commun de se construire. Il s'agit sur une p\u00e9riode courte \u00a0(2 \u00e0 3 jours) de faire vivre des \u00e9v\u00e8nements sp\u00e9cifiques \u00e0 ce\u2026","rel":"","context":"Similar post","img":{"alt_text":"","src":"","width":0,"height":0},"classes":[]},{"id":107,"url":"https:\/\/coaching37.fr\/index.php\/deontologie\/","url_meta":{"origin":84,"position":5},"title":"D\u00e9ontologie","date":"5 October 2017","format":false,"excerpt":"Ce code s\u2019applique aussi bien au coaching personnel que professionnel. Les libell\u00e9s en italique sont sp\u00e9cifiques au coaching en entreprise (notions d\u2019organisation et de donneur d\u2019ordre sp\u00e9cifiques). \u00a0 Devoirs du coach Exercice du Coaching Le coach s\u2019autorise en conscience \u00e0 exercer cette fonction \u00e0 partir de sa formation et de\u2026","rel":"","context":"Similar post","img":{"alt_text":"","src":"","width":0,"height":0},"classes":[]}],"_links":{"self":[{"href":"https:\/\/coaching37.fr\/index.php\/wp-json\/wp\/v2\/pages\/84"}],"collection":[{"href":"https:\/\/coaching37.fr\/index.php\/wp-json\/wp\/v2\/pages"}],"about":[{"href":"https:\/\/coaching37.fr\/index.php\/wp-json\/wp\/v2\/types\/page"}],"author":[{"embeddable":true,"href":"https:\/\/coaching37.fr\/index.php\/wp-json\/wp\/v2\/users\/1"}],"replies":[{"embeddable":true,"href":"https:\/\/coaching37.fr\/index.php\/wp-json\/wp\/v2\/comments?post=84"}],"version-history":[{"count":2,"href":"https:\/\/coaching37.fr\/index.php\/wp-json\/wp\/v2\/pages\/84\/revisions"}],"predecessor-version":[{"id":117,"href":"https:\/\/coaching37.fr\/index.php\/wp-json\/wp\/v2\/pages\/84\/revisions\/117"}],"wp:attachment":[{"href":"https:\/\/coaching37.fr\/index.php\/wp-json\/wp\/v2\/media?parent=84"}],"curies":[{"name":"wp","href":"https:\/\/api.w.org\/{rel}","templated":true}]}}