{"id":64,"date":"2017-09-25T13:17:11","date_gmt":"2017-09-25T11:17:11","guid":{"rendered":"http:\/\/coaching37.fr\/?page_id=64"},"modified":"2019-04-08T21:07:05","modified_gmt":"2019-04-08T19:07:05","slug":"coach-de-quoi","status":"publish","type":"page","link":"https:\/\/coaching37.fr\/index.php\/accueil\/coach-de-quoi\/","title":{"rendered":"Coach de quoi ?"},"content":{"rendered":"<p>C&#8217;est souvent la premi\u00e8re question que l&#8217;on me pose lorsque je dis que je suis coach !<\/p>\n<blockquote class=\"wp-embedded-content\" data-secret=\"Pb3HcZGnba\"><p><a href=\"http:\/\/coaching37.fr\/index.php\/accueil\/coach-de-quoi\/coach-milieu-pro\/\">Le coaching dans le milieu professionnel<\/a><\/p><\/blockquote>\n<p><iframe class=\"wp-embedded-content\" sandbox=\"allow-scripts\" security=\"restricted\" style=\"position: absolute; clip: rect(1px, 1px, 1px, 1px);\" src=\"http:\/\/coaching37.fr\/index.php\/accueil\/coach-de-quoi\/coach-milieu-pro\/embed\/#?secret=Pb3HcZGnba\" data-secret=\"Pb3HcZGnba\" width=\"525\" height=\"296\" title=\"&#8220;Le coaching dans le milieu professionnel&#8221; &#8212; Christelle VIDAL\" frameborder=\"0\" marginwidth=\"0\" marginheight=\"0\" scrolling=\"no\"><\/iframe><\/p>\n<blockquote class=\"wp-embedded-content\" data-secret=\"CsGNc4NjGV\"><p><a href=\"http:\/\/coaching37.fr\/index.php\/et-le-co-developpement-cest-quoi\/\">Et le co-d\u00e9veloppement, c\u2019est quoi  ?<\/a><\/p><\/blockquote>\n<p><iframe class=\"wp-embedded-content\" sandbox=\"allow-scripts\" security=\"restricted\" style=\"position: absolute; clip: rect(1px, 1px, 1px, 1px);\" src=\"http:\/\/coaching37.fr\/index.php\/et-le-co-developpement-cest-quoi\/embed\/#?secret=CsGNc4NjGV\" data-secret=\"CsGNc4NjGV\" width=\"525\" height=\"296\" title=\"\u00ab\u00a0Et le co-d\u00e9veloppement, c\u2019est quoi  ?\u00a0\u00bb &#8212; Christelle VIDAL\" frameborder=\"0\" marginwidth=\"0\" marginheight=\"0\" scrolling=\"no\"><\/iframe><\/p>\n<blockquote class=\"wp-embedded-content\" data-secret=\"YJZD5rABqo\"><p><a href=\"http:\/\/coaching37.fr\/index.php\/accueil\/coach-de-quoi\/coaching-de-vie\/\">Le coaching de vie<\/a><\/p><\/blockquote>\n<p><iframe class=\"wp-embedded-content\" sandbox=\"allow-scripts\" security=\"restricted\" style=\"position: absolute; clip: rect(1px, 1px, 1px, 1px);\" src=\"http:\/\/coaching37.fr\/index.php\/accueil\/coach-de-quoi\/coaching-de-vie\/embed\/#?secret=YJZD5rABqo\" data-secret=\"YJZD5rABqo\" width=\"525\" height=\"296\" title=\"&#8220;Le coaching de vie&#8221; &#8212; Christelle VIDAL\" frameborder=\"0\" marginwidth=\"0\" marginheight=\"0\" scrolling=\"no\"><\/iframe><\/p>\n","protected":false},"excerpt":{"rendered":"<p>C&#8217;est souvent la premi\u00e8re question que l&#8217;on me pose lorsque je dis que je suis coach ! Le coaching dans le milieu professionnel Et le co-d\u00e9veloppement, c\u2019est quoi ? Le coaching de vie<\/p>\n","protected":false},"author":1,"featured_media":0,"parent":25,"menu_order":0,"comment_status":"closed","ping_status":"closed","template":"","meta":{"spay_email":""},"jetpack_sharing_enabled":true,"jetpack_shortlink":"https:\/\/wp.me\/P9OI2S-12","jetpack-related-posts":[{"id":53,"url":"https:\/\/coaching37.fr\/index.php\/accueil\/coach-de-quoi\/coach-milieu-pro\/","url_meta":{"origin":64,"position":0},"title":"Le coaching dans le milieu professionnel","date":"25 September 2017","format":false,"excerpt":"","rel":"","context":"Similar post","img":{"alt_text":"","src":"","width":0,"height":0},"classes":[]},{"id":51,"url":"https:\/\/coaching37.fr\/index.php\/accueil\/coach-de-quoi\/coaching-de-vie\/","url_meta":{"origin":64,"position":1},"title":"Le coaching de vie","date":"25 September 2017","format":false,"excerpt":"Le coach de vie est un guide sur le chemin de la compr\u00e9hension et de l\u2019accomplissement de soi, en toute autonomie et en toute conscience. S\u2019accomplir\u2026 C\u2019est mieux se conna\u00eetre, se reconnecter ou se r\u00e9aligner avec ses besoins et ses valeurs et retrouver l\u2019estime de soi. C\u2019est faire des choix\u2026","rel":"","context":"Similar post","img":{"alt_text":"","src":"","width":0,"height":0},"classes":[]},{"id":47,"url":"https:\/\/coaching37.fr\/index.php\/accueil\/qui-suis-je\/","url_meta":{"origin":64,"position":2},"title":"Qui suis je ?","date":"25 September 2017","format":false,"excerpt":"Ing\u00e9nieur de formation, j\u2019ai exerc\u00e9 en tant qu\u2019ing\u00e9nieur d\u2019\u00e9tudes, pilote de projets ou coordinatrice technique, en veillant sur chacun de mes missions \u00e0 \u00e9couter, comprendre, mettre en relation et f\u00e9d\u00e9rer les diff\u00e9rents acteurs. De nature cr\u00e9ative, je pratique le dessin, le piano, le chant,\u2026 Je puise mon inspiration dans la\u2026","rel":"","context":"Similar post","img":{"alt_text":"","src":"","width":0,"height":0},"classes":[]},{"id":25,"url":"https:\/\/coaching37.fr\/","url_meta":{"origin":64,"position":3},"title":"Bienvenue,","date":"25 September 2017","format":false,"excerpt":"GUIDE EN SYLVOTHERAPIE SELON L'APPROCHE COACH RESPIRATION C'est avec plaisir que j'int\u00e8gre cette nouvelle approche dans ma pratique. J'ai \u00e9t\u00e9 form\u00e9e au sein de l'Ecole de Coach Respiration\u00a0aupr\u00e8s de Jean-Marie DEFOSSEZ et Laurence PAGANUCCI.\u00a0 Je vous propose d\u00e8s \u00e0 pr\u00e9sent des sorties collectives, individuelles, en couple, sur mesure, pour les\u2026","rel":"","context":"Similar post","img":{"alt_text":"","src":"","width":0,"height":0},"classes":[]},{"id":55,"url":"https:\/\/coaching37.fr\/index.php\/et-le-co-developpement-cest-quoi\/","url_meta":{"origin":64,"position":4},"title":"Le co-d\u00e9veloppement","date":"25 September 2017","format":false,"excerpt":"\u00a0 C\u2019est utiliser l\u2019intelligence collective afin de r\u00e9soudre une probl\u00e9matique amen\u00e9e par une personne. Il s\u2019adresse \u00e0 un collectif de pairs\u00a0: une \u00e9quipe ou des personnes ayant la m\u00eame fonction dans une ou plusieurs entreprises, dans le milieu","rel":"","context":"Similar post","img":{"alt_text":"","src":"","width":0,"height":0},"classes":[]},{"id":151,"url":"https:\/\/coaching37.fr\/index.php\/ma-formation\/","url_meta":{"origin":64,"position":5},"title":"Mes formations","date":"23 October 2017","format":false,"excerpt":"2017 J'ai suivi la formation de \"Coach personnel et professionnel\" \u00e0 l'Ecole Fran\u00e7aise de Coaching, groupe MHD. Je suis coach professionnelle certifi\u00e9. J'ai le titre professionnel RNCP \"Coach professionnel Niveau II, code NSF315\". 2018 Formation \"Cr\u00e9ativit\u00e9 et innovation\" Formation \"Les Cl\u00e9s du coaching Nature\" 2019 Design thinking Sensibilisation \u00e0 la\u2026","rel":"","context":"Similar post","img":{"alt_text":"","src":"","width":0,"height":0},"classes":[]}],"_links":{"self":[{"href":"https:\/\/coaching37.fr\/index.php\/wp-json\/wp\/v2\/pages\/64"}],"collection":[{"href":"https:\/\/coaching37.fr\/index.php\/wp-json\/wp\/v2\/pages"}],"about":[{"href":"https:\/\/coaching37.fr\/index.php\/wp-json\/wp\/v2\/types\/page"}],"author":[{"embeddable":true,"href":"https:\/\/coaching37.fr\/index.php\/wp-json\/wp\/v2\/users\/1"}],"replies":[{"embeddable":true,"href":"https:\/\/coaching37.fr\/index.php\/wp-json\/wp\/v2\/comments?post=64"}],"version-history":[{"count":4,"href":"https:\/\/coaching37.fr\/index.php\/wp-json\/wp\/v2\/pages\/64\/revisions"}],"predecessor-version":[{"id":231,"href":"https:\/\/coaching37.fr\/index.php\/wp-json\/wp\/v2\/pages\/64\/revisions\/231"}],"up":[{"embeddable":true,"href":"https:\/\/coaching37.fr\/index.php\/wp-json\/wp\/v2\/pages\/25"}],"wp:attachment":[{"href":"https:\/\/coaching37.fr\/index.php\/wp-json\/wp\/v2\/media?parent=64"}],"curies":[{"name":"wp","href":"https:\/\/api.w.org\/{rel}","templated":true}]}}

<p>C&#8217;est souvent la première question que l&#8217;on me pose lorsque je dis que je suis coach !</p>
<blockquote class="wp-embedded-content" data-secret="Pb3HcZGnba"><p><a href="http://coaching37.fr/index.php/accueil/coach-de-quoi/coach-milieu-pro/">Le coaching dans le milieu professionnel</a></p></blockquote>
<p><iframe class="wp-embedded-content" sandbox="allow-scripts" security="restricted" style="position: absolute; clip: rect(1px, 1px, 1px, 1px);" src="http://coaching37.fr/index.php/accueil/coach-de-quoi/coach-milieu-pro/embed/#?secret=Pb3HcZGnba" data-secret="Pb3HcZGnba" width="525" height="296" title="&#8220;Le coaching dans le milieu professionnel&#8221; &#8212; Christelle VIDAL" frameborder="0" marginwidth="0" marginheight="0" scrolling="no"></iframe></p>
<blockquote class="wp-embedded-content" data-secret="CsGNc4NjGV"><p><a href="http://coaching37.fr/index.php/et-le-co-developpement-cest-quoi/">Et le co-développement, c’est quoi  ?</a></p></blockquote>
<p><iframe class="wp-embedded-content" sandbox="allow-scripts" security="restricted" style="position: absolute; clip: rect(1px, 1px, 1px, 1px);" src="http://coaching37.fr/index.php/et-le-co-developpement-cest-quoi/embed/#?secret=CsGNc4NjGV" data-secret="CsGNc4NjGV" width="525" height="296" title="« Et le co-développement, c’est quoi  ? » &#8212; Christelle VIDAL" frameborder="0" marginwidth="0" marginheight="0" scrolling="no"></iframe></p>
<blockquote class="wp-embedded-content" data-secret="YJZD5rABqo"><p><a href="http://coaching37.fr/index.php/accueil/coach-de-quoi/coaching-de-vie/">Le coaching de vie</a></p></blockquote>
<p><iframe class="wp-embedded-content" sandbox="allow-scripts" security="restricted" style="position: absolute; clip: rect(1px, 1px, 1px, 1px);" src="http://coaching37.fr/index.php/accueil/coach-de-quoi/coaching-de-vie/embed/#?secret=YJZD5rABqo" data-secret="YJZD5rABqo" width="525" height="296" title="&#8220;Le coaching de vie&#8221; &#8212; Christelle VIDAL" frameborder="0" marginwidth="0" marginheight="0" scrolling="no"></iframe></p>

<p>C&#8217;est souvent la première question que l&#8217;on me pose lorsque je dis que je suis coach ! Le coaching dans le milieu professionnel Et le co-développement, c’est quoi ? Le coaching de vie</p>

Le coach de vie est un guide sur le chemin de la compréhension et de l’accomplissement de soi, en toute autonomie et en toute conscience. S’accomplir… C’est mieux se connaître, se reconnecter ou se réaligner avec ses besoins et ses valeurs et retrouver l’estime de soi. C’est faire des choix…

Ingénieur de formation, j’ai exercé en tant qu’ingénieur d’études, pilote de projets ou coordinatrice technique, en veillant sur chacun de mes missions à écouter, comprendre, mettre en relation et fédérer les différents acteurs. De nature créative, je pratique le dessin, le piano, le chant,… Je puise mon inspiration dans la…

GUIDE EN SYLVOTHERAPIE SELON L'APPROCHE COACH RESPIRATION C'est avec plaisir que j'intègre cette nouvelle approche dans ma pratique. J'ai été formée au sein de l'Ecole de Coach Respiration auprès de Jean-Marie DEFOSSEZ et Laurence PAGANUCCI.  Je vous propose dès à présent des sorties collectives, individuelles, en couple, sur mesure, pour les…

Le co-développement

C’est utiliser l’intelligence collective afin de résoudre une problématique amenée par une personne. Il s’adresse à un collectif de pairs : une équipe ou des personnes ayant la même fonction dans une ou plusieurs entreprises, dans le milieu

2017 J'ai suivi la formation de "Coach personnel et professionnel" à l'Ecole Française de Coaching, groupe MHD. Je suis coach professionnelle certifié. J'ai le titre professionnel RNCP "Coach professionnel Niveau II, code NSF315". 2018 Formation "Créativité et innovation" Formation "Les Clés du coaching Nature" 2019 Design thinking Sensibilisation à la…
