{"id":47,"date":"2017-09-25T13:07:13","date_gmt":"2017-09-25T11:07:13","guid":{"rendered":"http:\/\/coaching37.fr\/?page_id=47"},"modified":"2020-12-10T10:51:05","modified_gmt":"2020-12-10T09:51:05","slug":"qui-suis-je","status":"publish","type":"page","link":"https:\/\/coaching37.fr\/index.php\/accueil\/qui-suis-je\/","title":{"rendered":"Qui suis je ?"},"content":{"rendered":"<p>Ing\u00e9nieur de formation, j\u2019ai exerc\u00e9 en tant qu\u2019ing\u00e9nieur d\u2019\u00e9tudes, pilote de projets ou coordinatrice technique, en veillant sur chacun de mes missions \u00e0 \u00e9couter, comprendre, mettre en relation et f\u00e9d\u00e9rer les diff\u00e9rents acteurs.<\/p>\n<p>De nature cr\u00e9ative, je pratique le dessin, le piano, le chant,\u2026 Je puise mon inspiration dans la nature et suis \u00e0 l\u2019\u00e9coute de mes intuitions.<\/p>\n<p>Je m\u2019\u00e9panouis pleinement lorsque je m\u2019investis aupr\u00e8s des autres, enfants ou adultes, notamment lors de l\u2019organisation de manifestations ou simplement par mon implication dans la vie sociale et associative.<\/p>\n<p>Apr\u00e8s 17 ann\u00e9es d\u2019exp\u00e9riences professionnelles, le coaching s\u2019est r\u00e9v\u00e9l\u00e9 \u00e0 moi, comme un chemin possible me permettant d\u2019acqu\u00e9rir une compr\u00e9hension plus fine et pertinente des hommes, de leurs relations et des organisations\u00a0: une voie en totale harmonie avec ce que je suis, au service des autres, de leur bien-\u00eatre et de leur performance.<\/p>\n<p>Je suis <a href=\"\/\/coaching37.fr\/index.php\/membre-emcc\/\">membre de l&#8217;EMCC<\/a> (F\u00e9d\u00e9ration Europ\u00e9enne de Coaching et de Mentorat) et r\u00e9f\u00e9rente des ateliers professionnalisation au sein de l&#8217;EMCC-Touraine.<\/p>\n<p>Je suis membre de l&#8217;\u00e9cosyst\u00e8me <a href=\"https:\/\/wp.me\/P9OI2S-4j\">UNATERA<\/a> : l\u2019\u00e9cosyst\u00e8me d\u2019UNATERA est une communaut\u00e9 d\u2019entraide, de croissance et de partage d\u2019exp\u00e9riences autour de la transformation positive des individus et des entreprises.\u00a0Tous les membres de l\u2019\u00e9cosyst\u00e8me sont investis dans un chemin personnel d\u2019engagement soci\u00e9tal et une \u00e9thique \u00e9co-responsable au service du <strong>VIVANT<\/strong>.<\/p>\n<p><blockquote class=\"wp-embedded-content\" data-secret=\"HGoFDSY4lE\"><a href=\"http:\/\/coaching37.fr\/index.php\/si-jetais-un-objet\/\">Si j&#8217;\u00e9tais un objet &#8230;<\/a><\/blockquote><iframe class=\"wp-embedded-content\" sandbox=\"allow-scripts\" security=\"restricted\" style=\"position: absolute; clip: rect(1px, 1px, 1px, 1px);\" title=\"&#8220;Si j&#8217;\u00e9tais un objet &#8230;&#8221; &#8212; Christelle VIDAL\" src=\"http:\/\/coaching37.fr\/index.php\/si-jetais-un-objet\/embed\/#?secret=HGoFDSY4lE\" data-secret=\"HGoFDSY4lE\" width=\"525\" height=\"296\" frameborder=\"0\" marginwidth=\"0\" marginheight=\"0\" scrolling=\"no\"><\/iframe><\/p>\n<p><blockquote class=\"wp-embedded-content\" data-secret=\"dX2Nv48K98\"><a href=\"http:\/\/coaching37.fr\/index.php\/si-jetais-un-animal\/\">Si j&#8217;\u00e9tais un animal &#8230;<\/a><\/blockquote><iframe class=\"wp-embedded-content\" sandbox=\"allow-scripts\" security=\"restricted\" style=\"position: absolute; clip: rect(1px, 1px, 1px, 1px);\" title=\"&#8220;Si j&#8217;\u00e9tais un animal &#8230;&#8221; &#8212; Christelle VIDAL\" src=\"http:\/\/coaching37.fr\/index.php\/si-jetais-un-animal\/embed\/#?secret=dX2Nv48K98\" data-secret=\"dX2Nv48K98\" width=\"525\" height=\"296\" frameborder=\"0\" marginwidth=\"0\" marginheight=\"0\" scrolling=\"no\"><\/iframe><\/p>\n<p><blockquote class=\"wp-embedded-content\" data-secret=\"wYd4T2R5B8\"><a href=\"http:\/\/coaching37.fr\/index.php\/ma-formation\/\">Mes formations<\/a><\/blockquote><iframe class=\"wp-embedded-content\" sandbox=\"allow-scripts\" security=\"restricted\" style=\"position: absolute; clip: rect(1px, 1px, 1px, 1px);\" title=\"&#8220;Mes formations&#8221; &#8212; Christelle VIDAL\" src=\"http:\/\/coaching37.fr\/index.php\/ma-formation\/embed\/#?secret=wYd4T2R5B8\" data-secret=\"wYd4T2R5B8\" width=\"525\" height=\"296\" frameborder=\"0\" marginwidth=\"0\" marginheight=\"0\" scrolling=\"no\"><\/iframe><\/p>\n\n\n<p><\/p>\n","protected":false},"excerpt":{"rendered":"<p>Ing\u00e9nieur de formation, j\u2019ai exerc\u00e9 en tant qu\u2019ing\u00e9nieur d\u2019\u00e9tudes, pilote de projets ou coordinatrice technique, en veillant sur chacun de mes missions \u00e0 \u00e9couter, comprendre, mettre en relation et f\u00e9d\u00e9rer les diff\u00e9rents acteurs. De nature cr\u00e9ative, je pratique le dessin, le piano, le chant,\u2026 Je puise mon inspiration dans la nature et suis \u00e0 l\u2019\u00e9coute &hellip; <\/p>\n<p class=\"link-more\"><a href=\"https:\/\/coaching37.fr\/index.php\/accueil\/qui-suis-je\/\" class=\"more-link\">Continue reading<span class=\"screen-reader-text\"> &#8220;Qui suis je ?&#8221;<\/span><\/a><\/p>\n","protected":false},"author":1,"featured_media":0,"parent":25,"menu_order":2,"comment_status":"closed","ping_status":"closed","template":"","meta":{"spay_email":""},"jetpack_sharing_enabled":true,"jetpack_shortlink":"https:\/\/wp.me\/P9OI2S-L","jetpack-related-posts":[{"id":84,"url":"https:\/\/coaching37.fr\/index.php\/si-jetais-un-objet\/","url_meta":{"origin":47,"position":0},"title":"Si j'\u00e9tais un objet ...","date":"28 September 2017","format":false,"excerpt":"Lors d\u2019une de mes premi\u00e8res s\u00e9ances de coaching, mon coach m\u2019a demand\u00e9 de trouver un objet qui me repr\u00e9sente\u00a0! Quelle difficile t\u00e2che et que de r\u00e9flexions\u00a0! Un objet est par essence restrictif (une chaise rouge,\u2026) alors d\u2019un \u00eatre vivant est multiple... dans tous les cas, je cherchais un objet qui\u2026","rel":"","context":"Similar post","img":{"alt_text":"","src":"","width":0,"height":0},"classes":[]},{"id":25,"url":"https:\/\/coaching37.fr\/","url_meta":{"origin":47,"position":1},"title":"Bienvenue,","date":"25 September 2017","format":false,"excerpt":"GUIDE EN SYLVOTHERAPIE SELON L'APPROCHE COACH RESPIRATION C'est avec plaisir que j'int\u00e8gre cette nouvelle approche dans ma pratique. J'ai \u00e9t\u00e9 form\u00e9e au sein de l'Ecole de Coach Respiration\u00a0aupr\u00e8s de Jean-Marie DEFOSSEZ et Laurence PAGANUCCI.\u00a0 Je vous propose d\u00e8s \u00e0 pr\u00e9sent des sorties collectives, individuelles, en couple, sur mesure, pour les\u2026","rel":"","context":"Similar post","img":{"alt_text":"","src":"","width":0,"height":0},"classes":[]},{"id":195,"url":"https:\/\/coaching37.fr\/index.php\/un-coaching-nature-et-naturel\/","url_meta":{"origin":47,"position":2},"title":"Un coaching nature et naturel","date":"7 April 2019","format":false,"excerpt":"\"Nature\" parce que je pense que la Nature est inspiratrice, r\u00e9g\u00e9n\u00e9ratrice, exemplaire dans son adaptation. Un coaching Nature pour garder sa capacit\u00e9 d'\u00e9merveillement de ce qui nous entoure, pour que la Nature soit ou reste le rayon de soleil qui perce \u00e0 travers les nuages et qui nous donne l'espoir\u2026","rel":"","context":"Similar post","img":{"alt_text":"","src":"","width":0,"height":0},"classes":[]},{"id":267,"url":"https:\/\/coaching37.fr\/index.php\/accueil\/qui-suis-je\/unatera\/","url_meta":{"origin":47,"position":3},"title":"Membre d'UNATERA","date":"10 December 2020","format":false,"excerpt":"L\u2019\u00e9cosyst\u00e8me d\u2019Unatera est une communaut\u00e9 d\u2019entraide, de croissance et de partage d\u2019exp\u00e9riences\u00a0autour de la transformation positive des individus et des entreprises. Tous les membres de l\u2019\u00e9cosyst\u00e8me sont investis dans un chemin personnel d\u2019engagement soci\u00e9tal et une \u00e9thique \u00e9co-responsable au service du vivant.","rel":"","context":"Similar post","img":{"alt_text":"","src":"","width":0,"height":0},"classes":[]},{"id":151,"url":"https:\/\/coaching37.fr\/index.php\/ma-formation\/","url_meta":{"origin":47,"position":4},"title":"Mes formations","date":"23 October 2017","format":false,"excerpt":"2017 J'ai suivi la formation de \"Coach personnel et professionnel\" \u00e0 l'Ecole Fran\u00e7aise de Coaching, groupe MHD. Je suis coach professionnelle certifi\u00e9. J'ai le titre professionnel RNCP \"Coach professionnel Niveau II, code NSF315\". 2018 Formation \"Cr\u00e9ativit\u00e9 et innovation\" Formation \"Les Cl\u00e9s du coaching Nature\" 2019 Design thinking Sensibilisation \u00e0 la\u2026","rel":"","context":"Similar post","img":{"alt_text":"","src":"","width":0,"height":0},"classes":[]},{"id":139,"url":"https:\/\/coaching37.fr\/index.php\/comment-se-deroule-un-coaching-personnel\/","url_meta":{"origin":47,"position":5},"title":"Comment se d\u00e9roule un coaching de vie ?","date":"20 October 2017","format":false,"excerpt":"Au d\u00e9but de chaque coaching, je propose un RDV t\u00e9l\u00e9phonique d\u2019une demi-heure (r\u00e9union de cadrage) afin de clarifier avec le futur coach\u00e9 : Qu'est-ce que le coaching\u00a0? Le code de d\u00e9ontologie, Les aspects pratiques : dur\u00e9e, fr\u00e9quence, lieu,\u2026 Le d\u00e9roulement du coaching - Aide \u00e0 la clarification des objectifs ou\u2026","rel":"","context":"Similar post","img":{"alt_text":"","src":"","width":0,"height":0},"classes":[]}],"_links":{"self":[{"href":"https:\/\/coaching37.fr\/index.php\/wp-json\/wp\/v2\/pages\/47"}],"collection":[{"href":"https:\/\/coaching37.fr\/index.php\/wp-json\/wp\/v2\/pages"}],"about":[{"href":"https:\/\/coaching37.fr\/index.php\/wp-json\/wp\/v2\/types\/page"}],"author":[{"embeddable":true,"href":"https:\/\/coaching37.fr\/index.php\/wp-json\/wp\/v2\/users\/1"}],"replies":[{"embeddable":true,"href":"https:\/\/coaching37.fr\/index.php\/wp-json\/wp\/v2\/comments?post=47"}],"version-history":[{"count":10,"href":"https:\/\/coaching37.fr\/index.php\/wp-json\/wp\/v2\/pages\/47\/revisions"}],"predecessor-version":[{"id":283,"href":"https:\/\/coaching37.fr\/index.php\/wp-json\/wp\/v2\/pages\/47\/revisions\/283"}],"up":[{"embeddable":true,"href":"https:\/\/coaching37.fr\/index.php\/wp-json\/wp\/v2\/pages\/25"}],"wp:attachment":[{"href":"https:\/\/coaching37.fr\/index.php\/wp-json\/wp\/v2\/media?parent=47"}],"curies":[{"name":"wp","href":"https:\/\/api.w.org\/{rel}","templated":true}]}}

<p>Ingénieur de formation, j’ai exercé en tant qu’ingénieur d’études, pilote de projets ou coordinatrice technique, en veillant sur chacun de mes missions à écouter, comprendre, mettre en relation et fédérer les différents acteurs.</p>
<p>De nature créative, je pratique le dessin, le piano, le chant,… Je puise mon inspiration dans la nature et suis à l’écoute de mes intuitions.</p>
<p>Je m’épanouis pleinement lorsque je m’investis auprès des autres, enfants ou adultes, notamment lors de l’organisation de manifestations ou simplement par mon implication dans la vie sociale et associative.</p>
<p>Après 17 années d’expériences professionnelles, le coaching s’est révélé à moi, comme un chemin possible me permettant d’acquérir une compréhension plus fine et pertinente des hommes, de leurs relations et des organisations : une voie en totale harmonie avec ce que je suis, au service des autres, de leur bien-être et de leur performance.</p>
<p>Je suis <a href="//coaching37.fr/index.php/membre-emcc/">membre de l&#8217;EMCC</a> (Fédération Européenne de Coaching et de Mentorat) et référente des ateliers professionnalisation au sein de l&#8217;EMCC-Touraine.</p>
<p>Je suis membre de l&#8217;écosystème <a href="https://wp.me/P9OI2S-4j">UNATERA</a> : l’écosystème d’UNATERA est une communauté d’entraide, de croissance et de partage d’expériences autour de la transformation positive des individus et des entreprises. Tous les membres de l’écosystème sont investis dans un chemin personnel d’engagement sociétal et une éthique éco-responsable au service du <strong>VIVANT</strong>.</p>
<p><blockquote class="wp-embedded-content" data-secret="HGoFDSY4lE"><a href="http://coaching37.fr/index.php/si-jetais-un-objet/">Si j&#8217;étais un objet &#8230;</a></blockquote><iframe class="wp-embedded-content" sandbox="allow-scripts" security="restricted" style="position: absolute; clip: rect(1px, 1px, 1px, 1px);" title="&#8220;Si j&#8217;étais un objet &#8230;&#8221; &#8212; Christelle VIDAL" src="http://coaching37.fr/index.php/si-jetais-un-objet/embed/#?secret=HGoFDSY4lE" data-secret="HGoFDSY4lE" width="525" height="296" frameborder="0" marginwidth="0" marginheight="0" scrolling="no"></iframe></p>
<p><blockquote class="wp-embedded-content" data-secret="dX2Nv48K98"><a href="http://coaching37.fr/index.php/si-jetais-un-animal/">Si j&#8217;étais un animal &#8230;</a></blockquote><iframe class="wp-embedded-content" sandbox="allow-scripts" security="restricted" style="position: absolute; clip: rect(1px, 1px, 1px, 1px);" title="&#8220;Si j&#8217;étais un animal &#8230;&#8221; &#8212; Christelle VIDAL" src="http://coaching37.fr/index.php/si-jetais-un-animal/embed/#?secret=dX2Nv48K98" data-secret="dX2Nv48K98" width="525" height="296" frameborder="0" marginwidth="0" marginheight="0" scrolling="no"></iframe></p>
<p><blockquote class="wp-embedded-content" data-secret="wYd4T2R5B8"><a href="http://coaching37.fr/index.php/ma-formation/">Mes formations</a></blockquote><iframe class="wp-embedded-content" sandbox="allow-scripts" security="restricted" style="position: absolute; clip: rect(1px, 1px, 1px, 1px);" title="&#8220;Mes formations&#8221; &#8212; Christelle VIDAL" src="http://coaching37.fr/index.php/ma-formation/embed/#?secret=wYd4T2R5B8" data-secret="wYd4T2R5B8" width="525" height="296" frameborder="0" marginwidth="0" marginheight="0" scrolling="no"></iframe></p>


<p></p>

<p>Ingénieur de formation, j’ai exercé en tant qu’ingénieur d’études, pilote de projets ou coordinatrice technique, en veillant sur chacun de mes missions à écouter, comprendre, mettre en relation et fédérer les différents acteurs. De nature créative, je pratique le dessin, le piano, le chant,… Je puise mon inspiration dans la nature et suis à l’écoute &hellip; </p>
<p class="link-more"><a href="https://coaching37.fr/index.php/accueil/qui-suis-je/" class="more-link">Continue reading<span class="screen-reader-text"> &#8220;Qui suis je ?&#8221;</span></a></p>

Si j'étais un objet ...

Lors d’une de mes premières séances de coaching, mon coach m’a demandé de trouver un objet qui me représente ! Quelle difficile tâche et que de réflexions ! Un objet est par essence restrictif (une chaise rouge,…) alors d’un être vivant est multiple... dans tous les cas, je cherchais un objet qui…

GUIDE EN SYLVOTHERAPIE SELON L'APPROCHE COACH RESPIRATION C'est avec plaisir que j'intègre cette nouvelle approche dans ma pratique. J'ai été formée au sein de l'Ecole de Coach Respiration auprès de Jean-Marie DEFOSSEZ et Laurence PAGANUCCI.  Je vous propose dès à présent des sorties collectives, individuelles, en couple, sur mesure, pour les…

"Nature" parce que je pense que la Nature est inspiratrice, régénératrice, exemplaire dans son adaptation. Un coaching Nature pour garder sa capacité d'émerveillement de ce qui nous entoure, pour que la Nature soit ou reste le rayon de soleil qui perce à travers les nuages et qui nous donne l'espoir…

L’écosystème d’Unatera est une communauté d’entraide, de croissance et de partage d’expériences autour de la transformation positive des individus et des entreprises. Tous les membres de l’écosystème sont investis dans un chemin personnel d’engagement sociétal et une éthique éco-responsable au service du vivant.

2017 J'ai suivi la formation de "Coach personnel et professionnel" à l'Ecole Française de Coaching, groupe MHD. Je suis coach professionnelle certifié. J'ai le titre professionnel RNCP "Coach professionnel Niveau II, code NSF315". 2018 Formation "Créativité et innovation" Formation "Les Clés du coaching Nature" 2019 Design thinking Sensibilisation à la…

Comment se déroule un coaching de vie ?

Au début de chaque coaching, je propose un RDV téléphonique d’une demi-heure (réunion de cadrage) afin de clarifier avec le futur coaché : Qu'est-ce que le coaching ? Le code de déontologie, Les aspects pratiques : durée, fréquence, lieu,… Le déroulement du coaching - Aide à la clarification des objectifs ou…
